 prime factors of 193094192?
2, 3457, 3491
What are the prime factors of 276989845?
5, 11, 317, 15887
List the prime factors of 13170198.
2, 3, 101, 103, 211
What are the prime factors of 59431222?
2, 41, 179, 4049
List the prime factors of 82474324.
2, 269, 76649
List the prime factors of 114730611.
3, 38243537
List the prime factors of 118054525.
5, 457, 10333
List the prime factors of 12227675.
5, 17, 28771
What are the prime factors of 2632749435?
3, 5, 7127, 8209
List the prime factors of 2142525152.
2, 6359, 10529
What are the prime factors of 657764613?
3, 11, 6644087
What are the prime factors of 1954968135?
3, 5, 130331209
List the prime factors of 365827072.
2, 13, 27481
List the prime factors of 106673248.
2, 11, 303049
List the prime factors of 383083347.
3, 127694449
List the prime factors of 2070123624.
2, 3, 89, 323053
What are the prime factors of 3302265103?
199, 16594297
What are the prime factors of 338659577?
263, 617, 2087
What are the prime factors of 79757146?
2, 7, 23, 247693
What are the prime factors of 8748247714?
2, 101, 43308157
What are the prime factors of 840526068?
2, 3, 2131, 32869
List the prime factors of 18150220.
2, 5, 11, 17, 23, 211
What are the prime factors of 248691096?
2, 3, 17, 199, 1021
List the prime factors of 1150295609.
5119, 224711
What are the prime factors of 601295800?
2, 5, 7, 429497
What are the prime factors of 131805738?
2, 3, 31, 78737
List the prime factors of 263546044.
2, 65886511
What are the prime factors of 41831616?
2, 3, 19, 11467
What are the prime factors of 4155257?
4155257
What are the prime factors of 1643512936?
2, 13, 401, 39409
What are the prime factors of 363888072?
2, 3, 1684667
What are the prime factors of 2546985532?
2, 7, 13, 6997213
List the prime factors of 2037726.
2, 3, 79, 1433
What are the prime factors of 464624319?
3, 139, 1114207
List the prime factors of 48566042.
2, 7, 17, 204059
What are the prime factors of 55598715?
3, 5, 443, 2789
What are the prime factors of 83651348?
2, 11, 71, 26777
What are the prime factors of 2206908144?
2, 3, 7, 23, 95191
List the prime factors of 3753386585.
5, 13, 271, 213079
List the prime factors of 2804714091.
3, 29, 10746031
What are the prime factors of 824039040?
2, 3, 5, 11, 3547
What are the prime factors of 62270673?
3, 1279, 16229
What are the prime factors of 762882813?
3, 7, 11, 19, 31, 89
List the prime factors of 389204150.
2, 5, 1721, 4523
List the prime factors of 51007587.
3, 709, 23981
List the prime factors of 95320264.
2, 13, 19, 48239
What are the prime factors of 177737228?
2, 44434307
List the prime factors of 4215065784.
2, 3, 29, 31, 195359
What are the prime factors of 2175108479?
4931, 441109
What are the prime factors of 211861360?
2, 5, 2648267
List the prime factors of 36467217.
3, 1997, 2029
List the prime factors of 168384816.
2, 3, 53, 22063
What are the prime factors of 582426499?
101, 5766599
What are the prime factors of 31418547?
3, 937, 11177
List the prime factors of 213440945.
5, 42688189
List the prime factors of 1113332706.
2, 3, 163, 379459
What are the prime factors of 2774617622?
2, 7, 163, 367, 3313
What are the prime factors of 66158529?
3, 59, 373777
List the prime factors of 1435410971.
601, 2388371
List the prime factors of 31337958.
2, 3, 5222993
What are the prime factors of 82687516?
2, 20671879
What are the prime factors of 792905311?
11, 72082301
What are the prime factors of 39976264?
2, 4997033
What are the prime factors of 59456165?
5, 547, 21739
List the prime factors of 205974746.
2, 102987373
What are the prime factors of 1713149868?
2, 3, 142762489
What are the prime factors of 287576998?
2, 17, 67, 126241
List the prime factors of 532814361.
3, 29, 6124303
What are the prime factors of 375302896?
2, 19, 47, 26267
List the prime factors of 586911395.
5, 7, 16768897
What are the prime factors of 39628397?
163, 243119
What are the prime factors of 145854792?
2, 3, 19, 106619
What are the prime factors of 2440487265?
3, 5, 162699151
What are the prime factors of 1102077762?
2, 3, 71, 317, 8161
What are the prime factors of 45768865?
5, 31, 295283
List the prime factors of 80433695.
5, 2549, 6311
What are the prime factors of 203695986?
2, 3, 13, 2611487
What are the prime factors of 1430782331?
11, 263, 494567
What are the prime factors of 756767943?
3, 84085327
List the prime factors of 299893486.
2, 149946743
What are the prime factors of 846873875?
5, 6774991
What are the prime factors of 181976930?
2, 5, 18197693
List the prime factors of 385212738.
2, 3, 3181, 20183
List the prime factors of 457027357.
4637, 98561
List the prime factors of 21309021.
3, 53, 14891
What are the prime factors of 713512042?
2, 79, 4515899
What are the prime factors of 91235162?
2, 45617581
List the prime factors of 44945465.
5, 1489, 6037
What are the prime factors of 1665980894?
2, 47, 17723201
What are the prime factors of 34150544?
2, 2134409
List the prime factors of 15826021.
43, 368047
What are the prime factors of 690061027?
439, 1571893
What are the prime factors of 285497189?
251, 1137439
What are the prime factors of 2110917721?
11, 47, 107, 3469
List the prime factors of 94922544.
2, 3, 41, 139, 347
List the prime factors of 1545424313.
1545424313
List the prime factors of 54650836.
2, 13662709
What are the prime factors of 737028706?
2, 53, 71, 97931
What are the prime factors of 241207469?
41, 5883109
List the prime factors of 314563452.
2, 3, 7, 883, 4241
What are the prime factors of 157563029?
13, 19, 67, 9521
List the prime factors of 138551653.
138551653
What are the prime factors of 335135102?
2, 167567551
What are the prime factors of 7192786207?
17, 107, 3954253
List the prime factors of 27248327.
461, 59107
List the prime factors of 1604094249.
3, 109, 4905487
List the prime factors of 520735925.
5, 17, 1225261
List the prime factors of 93407909.
7, 13343987
What are the prime factors of 330110741?
29, 1021, 11149
What are the prime factors of 1422282374?
2, 41, 17344907
List the prime factors of 2638458734.
2, 431, 3060857
What are the prime factors of 2143707751?
44839, 47809
What are the prime factors of 556169757?
3, 11, 13, 53, 61, 401
What are the prime factors of 40765852?
2, 353, 28871
What are the prime factors of 22809748?
2, 13, 67, 6547
What are the prime factors of 12163077?
3, 79, 17107
List the prime factors of 6112231.
17, 257, 1399
What are the prime factors of 30139911?
3, 463, 2411
List the prime factors of 62355918.
2, 3, 10392653
What are the prime factors of 7273518776?
2, 909189847
What are the prime factors of 464558848?
2, 13, 139591
List the prime factors of 36147900.
2, 3, 5, 101, 1193
List the prime factors of 143970289.
143970289
What are the prime factors of 60378466?
2, 19, 1588907
List the prime factors of 1008870102.
2, 3, 113, 563, 881
What are the prime factors of 94913527?
431, 220217
What are the prime factors of 846149768?
2, 2341, 45181
What are the prime factors of 250370644?
2, 619, 101119
What are the prime factors of 12709967?
67, 189701
What are the prime factors of 8781518?
2, 4390759
What are the prime factors of 1524178178?
2, 31, 787, 31237
What are the prime factors of 3814350454?
2, 29, 1489, 1523
List the prime factors of 343054180.
2, 5, 7, 2450387
What are the prime factors of 26285930?
2, 5, 11, 19, 12577
List the prime factors of 2455651234.
2, 73, 16819529
List the prime factors of 77297670.
2, 3, 5, 59, 14557
List the prime factors of 1702116684.
2, 3, 311, 152029
List the prime factors of 1017931716.
2, 3, 37, 607, 1259
What are the prime factors of 82393115?
5, 7, 47, 50087
What are the prime factors of 772227?
3, 37, 773
What are the prime factors of 302271069?
3, 71, 229, 6197
List the prime factors of 832885811.
17, 48993283
What are the prime factors of 15999861?
3, 659, 8093
List the prime factors of 2488804711.
2488804711
List the prime factors of 3400352647.
883, 3850909
What are the prime factors of 728440173?
3, 1319, 61363
List the prime factors of 31980677.
53, 179, 3371
List the prime factors of 17052389.
3169, 5381
What are the prime factors of 16765631?
167, 100393
List the prime factors of 305424099.
3, 3491, 9721
What are the prime factors of 67158237?
3, 293, 76403
What are the p